{"id":315,"date":"2018-02-18T18:56:38","date_gmt":"2018-02-18T17:56:38","guid":{"rendered":"http:\/\/pistartevasion.com\/?page_id=315"},"modified":"2019-02-03T19:52:27","modified_gmt":"2019-02-03T18:52:27","slug":"mission-solidaire","status":"publish","type":"page","link":"https:\/\/pistartevasion.com\/index.php\/mission-solidaire\/","title":{"rendered":"Mission Solidaire"},"content":{"rendered":"<p>&nbsp;<\/p>\n<p><img loading=\"lazy\" class=\"wp-image-342 aligncenter\" src=\"http:\/\/pistartevasion.com\/wp-content\/uploads\/2018\/02\/ecoliers-mongoles.jpg\" alt=\"\" width=\"323\" height=\"182\" srcset=\"https:\/\/pistartevasion.com\/wp-content\/uploads\/2018\/02\/ecoliers-mongoles.jpg 1500w, https:\/\/pistartevasion.com\/wp-content\/uploads\/2018\/02\/ecoliers-mongoles-300x169.jpg 300w, https:\/\/pistartevasion.com\/wp-content\/uploads\/2018\/02\/ecoliers-mongoles-768x432.jpg 768w, https:\/\/pistartevasion.com\/wp-content\/uploads\/2018\/02\/ecoliers-mongoles-1024x575.jpg 1024w\" sizes=\"(max-width: 323px) 100vw, 323px\" \/><\/p>\n<p style=\"text-align: justify;\"><span style=\"color: #000000;\">Nous profiterons de notre voyage pour acheminer et distribuer du mat\u00e9riel param\u00e9dical et des jouets pour un dispensaire, situ\u00e9 dans le petit village de Bayan Undur, au centre de la Mongolie.<\/span><\/p>\n<p><span style=\"color: #000000;\">Nous apporterons \u00e9galement notre aide au jardin dArvaikheer.<\/span><\/p>\n<p><span style=\"color: #000000;\">Si les fonds r\u00e9colt\u00e9s sont suffisants nous aimerions pouvoir prendre en charge les travaux d&rsquo;acheminement de l&rsquo;eau potable du jardin d&rsquo;enfants d&rsquo;Arvaikheer qui accueille quotidiennement 20 enfants polyhandicap\u00e9s.<\/span><\/p>\n<p style=\"text-align: justify;\"><span style=\"color: #000000;\">Une partie des dons sera directement r\u00e9colt\u00e9e avant le d\u00e9part et transport\u00e9e dans des malles sur le toit de nos d\u00e9fenders.<\/span><\/p>\n<p style=\"text-align: justify;\"><span style=\"color: #000000;\">Afin d&rsquo;\u00e9viter d&rsquo;\u00eatre trop charg\u00e9 et dans le but de faire marcher le commerce local, nous avons mis en place une collecte collaborative pour pouvoir r\u00e9colter des fonds et acheter sur place le reste du mat\u00e9riel n\u00e9cessaire.<\/span><\/p>\n<p>Voici le lien :<\/p>\n<p><a href=\"https:\/\/www.lepotcommun.fr\/pot\/yz95rmei\">https:\/\/www.lepotcommun.fr\/pot\/yz95rmei<\/a><\/p>\n<p>&nbsp;<\/p>\n<p><img loading=\"lazy\" class=\"wp-image-343 aligncenter\" src=\"http:\/\/pistartevasion.com\/wp-content\/uploads\/2018\/02\/enfants-mongoles.jpg\" alt=\"\" width=\"379\" height=\"265\" srcset=\"https:\/\/pistartevasion.com\/wp-content\/uploads\/2018\/02\/enfants-mongoles.jpg 860w, https:\/\/pistartevasion.com\/wp-content\/uploads\/2018\/02\/enfants-mongoles-300x210.jpg 300w, https:\/\/pistartevasion.com\/wp-content\/uploads\/2018\/02\/enfants-mongoles-768x538.jpg 768w\" sizes=\"(max-width: 379px) 100vw, 379px\" \/><\/p>\n<p>&nbsp;<\/p>\n<p style=\"text-align: justify;\"><span style=\"color: #000000;\">Un grand merci \u00e0 Eric de l&rsquo;<span style=\"color: #ff0000;\">association Voyageurs-du-c\u0153ur<\/span> (http:\/\/www.voyageursducoeur.org\/) et \u00e0 Cathy de l<span style=\"color: #ff0000;\">&lsquo;association APAU<\/span> (http:\/\/apau.fr\/apau\/), qui nous apportent leur <\/span><span style=\"color: #000000;\">soutien dans ce projet et partagent avec plaisir leur exp\u00e9rience des voyages solidaires.<\/span><\/p>\n","protected":false},"excerpt":{"rendered":"<p>&nbsp; Nous profiterons de notre voyage pour acheminer et distribuer du mat\u00e9riel param\u00e9dical et des jouets pour un dispensaire, situ\u00e9 dans le petit village de Bayan Undur, au centre de la Mongolie. Nous apporterons \u00e9galement notre aide au jardin dArvaikheer. Si les fonds r\u00e9colt\u00e9s sont suffisants nous aimerions pouvoir prendre en charge les travaux d&rsquo;acheminement<span class=\"read-more-wrap\"><a class=\"moretag\" href=\"https:\/\/pistartevasion.com\/index.php\/mission-solidaire\/\">Lire la suite<span class=\"screen-reader-text\">Mission Solidaire<\/span><\/a><\/span><\/p>\n","protected":false},"author":1,"featured_media":0,"parent":0,"menu_order":0,"comment_status":"closed","ping_status":"closed","template":"","meta":[],"_links":{"self":[{"href":"https:\/\/pistartevasion.com\/index.php\/wp-json\/wp\/v2\/pages\/315"}],"collection":[{"href":"https:\/\/pistartevasion.com\/index.php\/wp-json\/wp\/v2\/pages"}],"about":[{"href":"https:\/\/pistartevasion.com\/index.php\/wp-json\/wp\/v2\/types\/page"}],"author":[{"embeddable":true,"href":"https:\/\/pistartevasion.com\/index.php\/wp-json\/wp\/v2\/users\/1"}],"replies":[{"embeddable":true,"href":"https:\/\/pistartevasion.com\/index.php\/wp-json\/wp\/v2\/comments?post=315"}],"version-history":[{"count":17,"href":"https:\/\/pistartevasion.com\/index.php\/wp-json\/wp\/v2\/pages\/315\/revisions"}],"predecessor-version":[{"id":714,"href":"https:\/\/pistartevasion.com\/index.php\/wp-json\/wp\/v2\/pages\/315\/revisions\/714"}],"wp:attachment":[{"href":"https:\/\/pistartevasion.com\/index.php\/wp-json\/wp\/v2\/media?parent=315"}],"curies":[{"name":"wp","href":"https:\/\/api.w.org\/{rel}","templated":true}]}}